emainder when 2914 is divided by 55.
54
Calculate the remainder when 127 is divided by 64.
63
What is the remainder when 93 is divided by 3?
0
Calculate the remainder when 102 is divided by 10.
2
Calculate the remainder when 49 is divided by 8.
1
Calculate the remainder when 379 is divided by 219.
160
Calculate the remainder when 441 is divided by 109.
5
What is the remainder when 59637 is divided by 142?
139
Calculate the remainder when 2751 is divided by 49.
7
What is the remainder when 260 is divided by 36?
8
Calculate the remainder when 329 is divided by 113.
103
What is the remainder when 1282 is divided by 426?
4
What is the remainder when 919 is divided by 152?
7
Calculate the remainder when 717 is divided by 90.
87
Calculate the remainder when 8051 is divided by 39.
17
Calculate the remainder when 5078 is divided by 36.
2
Calculate the remainder when 14602 is divided by 5.
2
What is the remainder when 3451 is divided by 31?
10
Calculate the remainder when 1889 is divided by 63.
62
Calculate the remainder when 738 is divided by 98.
52
What is the remainder when 9949 is divided by 107?
105
What is the remainder when 8630 is divided by 9?
8
Calculate the remainder when 123 is divided by 32.
27
Calculate the remainder when 186 is divided by 36.
6
Calculate the remainder when 221 is divided by 75.
71
What is the remainder when 59 is divided by 47?
12
What is the remainder when 544 is divided by 180?
4
Calculate the remainder when 74 is divided by 42.
32
What is the remainder when 196 is divided by 46?
12
What is the remainder when 76 is divided by 35?
6
What is the remainder when 2579 is divided by 20?
19
Calculate the remainder when 609 is divided by 125.
109
What is the remainder when 1907 is divided by 317?
5
Calculate the remainder when 148 is divided by 46.
10
Calculate the remainder when 3134 is divided by 98.
96
What is the remainder when 939 is divided by 225?
39
Calculate the remainder when 2541 is divided by 31.
30
What is the remainder when 585 is divided by 68?
41
What is the remainder when 1782 is divided by 85?
82
Calculate the remainder when 117 is divided by 48.
21
Calculate the remainder when 28 is divided by 15.
13
Calculate the remainder when 78845 is divided by 308.
305
Calculate the remainder when 707 is divided by 71.
68
What is the remainder when 734 is divided by 92?
90
What is the remainder when 486 is divided by 173?
140
What is the remainder when 606 is divided by 76?
74
Calculate the remainder when 74 is divided by 38.
36
What is the remainder when 3966 is divided by 21?
18
Calculate the remainder when 36 is divided by 14.
8
Calculate the remainder when 337 is divided by 166.
5
Calculate the remainder when 271 is divided by 127.
17
Calculate the remainder when 1096 is divided by 547.
2
Calculate the remainder when 968 is divided by 475.
18
What is the remainder when 63 is divided by 11?
8
Calculate the remainder when 117 is divided by 5.
2
Calculate the remainder when 466 is divided by 14.
4
What is the remainder when 286 is divided by 111?
64
What is the remainder when 1673 is divided by 140?
133
What is the remainder when 378 is divided by 53?
7
Calculate the remainder when 409 is divided by 164.
81
Calculate the remainder when 711 is divided by 32.
7
What is the remainder when 1036 is divided by 41?
11
What is the remainder when 14093 is divided by 8?
5
Calculate the remainder when 139 is divided by 72.
67
What is the remainder when 84 is divided by 30?
24
What is the remainder when 176 is divided by 71?
34
What is the remainder when 625 is divided by 406?
219
Calculate the remainder when 376 is divided by 98.
82
What is the remainder when 290 is divided by 49?
45
Calculate the remainder when 205 is divided by 64.
13
Calculate the remainder when 325 is divided by 39.
13
What is the remainder when 596 is divided by 250?
96
Calculate the remainder when 10798 is divided by 144.
142
What is the remainder when 25 is divided by 4?
1
What is the remainder when 1251 is divided by 38?
35
Calculate the remainder when 276 is divided by 62.
28
What is the remainder when 390 is divided by 19?
10
Calculate the remainder when 601 is divided by 452.
149
Calculate the remainder when 642 is divided by 234.
174
Calculate the remainder when 821 is divided by 58.
9
Calculate the remainder when 285 is divided by 25.
10
What is the remainder when 134 is divided by 37?
23
What is the remainder when 308 is divided by 33?
11
What is the remainder when 10190 is divided by 25?
15
Calculate the remainder when 113 is divided by 49.
15
Calculate the remainder when 124 is divided by 65.
59
Calculate the remainder when 169 is divided by 43.
40
Calculate the remainder when 41 is divided by 16.
9
Calculate the remainder when 794 is divided by 184.
58
Calculate the remainder when 350 is divided by 39.
38
What is the remainder when 211 is divided by 200?
11
What is the remainder when 562 is divided by 124?
66
What is the remainder when 377 is divided by 186?
5
What is the remainder when 468 is divided by 401?
67
What is the remainder when 1447 is divided by 4?
3
Calculate the remainder when 233 is divided by 9.
8
What is the remainder when 1598 is divided by 200?
198
Calculate the remainder when 51 is divided by 9.
6
Calculate the remainder when 331 is divided by 46.
9
Calculate the remainder when 308 is divided by 10.
8
Calculate the remainder when 372 is divided by 123.
3
Calculate the remainder when 43 is divided by 12.
7
What is the remainder when 322 is divided by 65?
62
Calculate the remainder when 1967 is divided by 21.
14
What is the remainder when 3256 is divided by 59?
11
What is the remainder when 4757 is divided by 14?
11
Calculate the remainder when 1040 is divided by 95.
90
Calculate the remainder when 5375 is divided by 224.
223
Calculate the remainder when 7818 is divided by 7.
6
What is the remainder when 3838 is divided by 96?
94
What is the remainder when 18 is divided by 4?
2
What is the remainder when 110 is divided by 32?
14
Calculate the remainder when 12026 is divided by 62.
60
What is the remainder when 1676 is divided by 105?
101
What is the remainder when 102 is divided by 40?
22
Calculate the remainder when 261 is divided by 85.
6
What is the remainder when 6551 is divided by 7?
6
Calculate the remainder when 390 is divided by 86.
46
Calculate the remainder when 550 is divided by 162.
64
What is the remainder when 11 is divided by 8?
3
What is the remainder when 172 is divided by 135?
37
Calculate the remainder when 316 is divided by 306.
10
What is the remainder when 589 is divided by 149?
142
What is the remainder when 758 is divided by 71?
48
Calculate the remainder when 699 is divided by 13.
10
Calculate the remainder when 156 is divided by 31.
1
Calculate the remainder when 1076 is divided by 30.
26
What is the remainder when 125 is divided by 41?
2
Calculate the remainder when 400 is divided by 41.
31
Calculate the remainder when 95 is divided by 22.
7
Calculate the remainder when 952 is divided by 193.
180
What is the remainder when 152 is divided by 20?
12
Calculate the remainder when 86 is divided by 27.
5
Calculate the remainder when 267 is divided by 54.
51
Calculate the remainder when 75 is divided by 36.
3
Calculate the remainder when 118 is divided by 29.
2
What is the remainder when 739 is divided by 193?
160
Calculate the remainder when 72 is divided by 27.
18
What is the remainder when 1671 is divided by 56?
47
Calculate the remainder when 428 is divided by 9.
5
Calculate the remainder when 19 is divided by 16.
3
Calculate the remainder when 3327 is divided by 104.
103
What is the remainder when 174 is divided by 113?
61
Calculate the remainder when 59 is divided by 57.
2
What is the remainder when 105 is divided by 14?
7
What is the remainder when 98 is divided by 22?
10
What is the remainder when 10548 is divided by 116?
108
Calculate the remainder when 473 is divided by 457.
16
Calculate the remainder when 183 is divided by 178.
5
Calculate the remainder when 1197 is divided by 50.
47
Calculate the remainder when 1476 is divided by 87.
84
Calculate the remainder when 209 is divided by 53.
50
What is the remainder when 22 is divided by 18?
4
Calculate the remainder when 389 is divided by 99.
92
